-9 = -z + 5*r, -5 = 2*r - 3. Suppose -2*p + 46 = 2*a, -5*p = 5*a - z*p - 115. Calculate the remainder when a is divided by j.
5
Let a be (-31)/(-186) + 1985/6. Let q = -231 + a. What is the remainder when q is divided by 35?
30
Suppose -65*q + 69*q - 256 = 0. Suppose 2*i = -f - 27, 3*f - 18 = i - q. What is the remainder when 56/(-476) - 1974/f is divided by 30?
26
Let f(l) = -182*l + 3925. Calculate the remainder when 8032 is divided by f(21).
101
Let w(u) = 19*u + 86. Let x be -1*(5 - (3 + 2)). What is the remainder when w(x) is divided by 8?
6
Suppose 3*l - 38*f - 189 = -41*f, 2*l + 3*f - 123 = 0. What is the remainder when 262 is divided by l?
64
Suppose 0 = -b + 2*j, -18*b + 17*b + 5*j + 12 = 0. Let l(d) = -10*d - 16. Calculate the remainder when l(b) is divided by 6.
4
Suppose x + 5*b = -16, 2*x + 6*b = b - 7. What is the remainder when 1 + (52/6)/(9/54) is divided by x?
8
Suppose 22*x + 14308 = 168*x. Let h = 6 - 13. Calculate the remainder when x is divided by 7 + h - (-66)/2.
32
Suppose 7*y = -5*c + 4*y + 345, 0 = 2*y. Let s = 71 - c. Suppose q + s*q = -3*t + 201, 0 = 3*t. What is the remainder when q is divided by 35?
32
Suppose 6*a - 34 + 22 = 0. What is the remainder when 20 is divided by (-11)/(-7) - a - 24/(-7)?
2
Suppose -11*y - 13*y + 624 = 0. What is the remainder when 115 is divided by y?
11
Suppose 8*d - 24*d + 17440 = 0. What is the remainder when d is divided by 7?
5
Suppose 0 = 3*r - 4*v - 2781, 2*v - 4 = -10. Suppose -70 = -r*z + 918*z. Calculate the remainder when 76 is divided by z.
6
Let m(j) = j**3 + 39*j**2 + 7*j + 4. Calculate the remainder when m(-4) is divided by 54.
50
Let z be (15/(-9) + 3)/((-36)/(-189)). Suppose -z*c + 2*c + 1251 = -3*s, -2*c + 501 = -s. Calculate the remainder when c is divided by 17.
14
Let n = -97 - -123. Let j(f) = 54*f - n*f - 1 + 2. What is the remainder when j(1) is divided by 20?
9
Let o = -180229 - -180244. Suppose 5*b = 8 + 12. Suppose 3*r - 2*r = -3*w + 261, -3*w + b*r + 261 = 0. Calculate the remainder when w is divided by o.
12
Let o(w) = -393*w + 150. Calculate the remainder when 482 is divided by o(0).
32
Suppose 5*s + 2*n = 435, -5*n = -5*s + 173 + 262. Let l be (-8)/12 + 73/(-3). What is the remainder when s is divided by (-39 + l/5)/(-2)?
21
Suppose 385 = -b + 3*p, 6*b - 4*b + 3*p + 761 = 0. Calculate the remainder when b/(-3) - -1 - 87/261 is divided by 22.
18
Let a(g) = 35*g**2 - 11*g + 2. Let t = 646 - 648. What is the remainder when a(t) is divided by 35?
24
Let f = -49 - -52. Let u(l) = 6*l - 9. Calculate the remainder when 32 is divided by u(f).
5
Let z(n) = 18*n**3 - 8*n**2 - 7*n - 8. Let k be z(5). Calculate the remainder when (10/15*1)/(6/k) is divided by 32.
31
Let g(b) be the third derivative of 13*b**4/24 - 5*b**3/6 - 20*b**2 + 1. What is the remainder when 166 is divided by g(3)?
30
Suppose 6*j - 2700 = -30*j. Let p(u) = u**3 - 8*u**2 + 15*u + 2. What is the remainder when j is divided by p(6)?
15
Suppose -353 = -k - 5*w, 10*k + 5*w = 13*k - 959. What is the remainder when k is divided by 24?
16
Let n(a) be the third derivative of a**5/60 - a**4/4 + 13*a**3/3 - a**2 + 128*a. Let s = 25 - 15. Calculate the remainder when n(s) is divided by 23.
20
Suppose 4*w + 2*n + 2*n = 208, -4*n + 98 = 2*w. Calculate the remainder when 272 is divided by w.
52
What is the remainder when 3680 is divided by (-1)/8 - (4 + (-88230)/48)?
12
Suppose 10*w - 6*w - 3*x = 11, 3*w = -3*x + 24. Suppose -11*p + 15*p + w*g = 190, -3*p + 5*g = -125. Calculate the remainder when p is divided by 20.
5
Suppose -17 = -6*x + 3*x + 4*l, 4*x - 6 = 2*l. What is the remainder when 152/8 - (x - (-2 - -5)) is divided by 6?
5
Suppose -1366 = -5*h - 876. Suppose 478 = 16*y - h. What is the remainder when 211 is divided by y?
31
Let h(f) = -12*f - 147. Let g be h(-19). Suppose 4*i = -36*k + 35*k + 44, 0 = 3*k - 5*i - g. Calculate the remainder when 127 is divided by k.
31
Let p = 4 - 0. Suppose 41 - 9 = p*s. Let x = -811 + 814. Calculate the remainder when s is divided by x.
2
Let c = 120337 - 120259. Let g(u) = 464*u**2 + u - 1. What is the remainder when g(1) is divided by c?
74
Suppose 3*r + 90 = 5*d + 7*r, -68 = -4*d - 4*r. Suppose -2*i - 18 = -3*b + 168, i + 71 = -4*b. What is the remainder when -1*((4 - 2) + i) is divided by d?
19
Let l(y) = -1242*y - 2377. Calculate the remainder when 2458 is divided by l(-2).
104
Let w(r) = 2*r**2 + 2*r + 5. Suppose 12 = 22*l - 19*l. Let b = 7 - l. Calculate the remainder when 86 is divided by w(b).
28
Let n be (13 + -15)/(4/(-6)). Let i(c) = 6*c**2 - c - 4. Calculate the remainder when 87 is divided by i(n).
40
Let a be 2/(-3)*3999/86. Let g = a - -76. Calculate the remainder when g is divided by 16.
13
Suppose 16*a = -25371 + 87483. Calculate the remainder when a is divided by 169.
164
Calculate the remainder when (-14)/(35 - 21)*-340 is divided by 188.
152
Suppose 112*w - 2054 = 2090. What is the remainder when 292 is divided by w?
33
Suppose 3*m - 90 = -84. Suppose -m*t + 5 = 3*t, -3*r + 3*t + 15 = 0. Let a(g) = g**3 - 9*g**2 + 12*g - 6. Calculate the remainder when a(8) is divided by r.
2
Suppose 27*u = 28*u. Suppose -3*f + 179 = -6*k + 2*k, -3*f + 2*k + 175 = u. What is the remainder when f is divided by 30?
27
Suppose 2*p - r - 16 = -p, 4*r - 13 = p. Let d be (-4)/(8 + 1 + (-309)/33). Calculate the remainder when (-1 - (-42)/8)*(d - p) is divided by 11.
6
Suppose 3*v + 5*r = 1562, -3*r - 2620 = -5*v - 8*r. Calculate the remainder when v is divided by 169.
22
Let a be 5/((-12)/(-11) + -3 + 2). Let v = -26 + a. Suppose 173 = 3*s - 79. Calculate the remainder when s is divided by v.
26
Let j(d) = d**3 - 26*d**2 + 3*d - 39. Let l(q) = 4*q + 34. Let w be l(-2). Calculate the remainder when j(w) is divided by 12.
3
Suppose -v - 2*v + 54 = 0. Let r(m) = 18*m - 7. Let l be r(3). Let d = l - 14. Calculate the remainder when d is divided by v.
15
Suppose -10*w = -6*w - 24. Let a be (w - 3)/((-6)/(-28)). Suppose -17*h = -a*h - 27. Calculate the remainder when 44 is divided by h.
8
Let w(v) = v**2 - 10*v - 89. Let m be w(-6). Let a = -211 + 1009. Calculate the remainder when ((-2)/(-3))/(m/(a/4)) is divided by 10.
9
Let t be 8 + -10 + (-1 - -52). Suppose -t = -3*f - 4*a, 0 = -f + 3*a + 21 + 17. Suppose -22*i = -19*i - 19 - 110. What is the remainder when i is divided by f?
20
Suppose -40*i + 8*i + 4470 = -2*i. What is the remainder when i is divided by 19?
16
Suppose -5*l + 170 = 8*d - 354, 5*l = -20. Let z = 4 - 6. Calculate the remainder when d is divided by 17 + 2/(0 - z).
14
Let z(b) = -159*b - 3049. Calculate the remainder when z(-21) is divided by 144.
2
Suppose -15 - 13 = -2*g + 2*h, -2*g = -4*h - 34. Suppose 15*b - g*b - 268 = 0. What is the remainder when b is divided by 7?
4
Let f(j) = -j**3 - 40*j**2 - 43*j + 80. Let o be f(-39). Suppose 1690 = -o*n + 246*n. Calculate the remainder when n is divided by 53.
10
Suppose 5*d - 270 = -2*t - t, -3*t + 42 = d. Suppose -20*g + 19*g - 2*x + d = 0, 193 = 4*g + x. What is the remainder when 233 is divided by g?
45
Calculate the remainder when 532 is divided by ((-7)/(126/(-117)))/(105/(-108) + 1).
64
Let d = -5508 + 5699. Calculate the remainder when d is divided by 152.
39
Let p = 229 + -343. Let d = -113 - p. Calculate the remainder when 41 is divided by (26 + -21)*d*(0 - -3).
11
Suppose 6*o + 4*u - 262 = 3*o, u = 4*o - 343. What is the remainder when o is divided by (-162)/45*5/(-1)?
14
Let y(w) = w + 29. Let g be y(-15). Suppose 0 = 5*x + v - 5, -4*x - 2*v + 8 = 4. Calculate the remainder when x is divided by (7/g)/(1/2).
0
Suppose -a + 121 = 5*m, -2*a - 133 = 4*m - 9*m. Let o be -3*(3 - m/15). Calculate the remainder when 11 is divided by ((-4)/(-6))/(o/(-42)).
4
Let f = 27259 - 9821. What is the remainder when f is divided by 102?
98
Suppose 4*a - 15 = -r, -a + 3*a = 2*r. Suppose w = 172*d - 177*d + 110, 420 = 5*w - d. What is the remainder when 4284/w + a/5 is divided by 26?
25
Let i be 181 + 0/(49/7). Suppose -3*m + 1008 = -4*a, -m + a - 1657 = -6*m. Let t = m - i. Calculate the remainder when t is divided by 52.
47
Let c(y) = 44*y + 426. Suppose -3*h - 2 = -14. Suppose -65 = -h*q - 5. Calculate the remainder when c(-8) is divided by q.
14
Let o be (1 - 85 - (-8 - -11))*3. Let q = -213 - o. What is the rema